 r be 2*m + 3 - -1. Let a be (r - 4) + 14/1. Calculate the highest common divisor of a and 18.
6
Suppose 2*o + 5*r - 21 = -0*r, 3*o + 3 = 4*r. Suppose 6*c - 198 = o*c. Let v be (-1 - (0 - 2)) + 5. Calculate the greatest common factor of c and v.
6
Let l(s) = -s**3 + 2*s**2 - s + 16. Let j be l(0). What is the highest common divisor of 16 and j?
16
Suppose -125 = -5*d + 750. Calculate the highest common divisor of d and 7.
7
Let u(p) = 111*p**3 + 2*p**2 - p. Suppose -4*s = w + 7, w - s - 5 = s. Let d be u(w). What is the greatest common divisor of d and 16?
16
Suppose 0 = -x + 6*x - 10. Suppose 0 = -2*d + x*g + 4, 0 = -3*d - g + 2*g + 14. What is the greatest common factor of d and 24?
6
Let x(t) = t**2 + 2*t - 2. Let n be x(-6). Suppose 3*v - k = 101, 2*v - 124 = -2*v - 4*k. What is the highest common factor of n and v?
11
Let z be (-43)/(-2)*(-1 - 1). Let b = 67 + z. What is the highest common factor of 3 and b?
3
Let g = -24 - -40. Let s(i) = i**2 + 11*i - 4. Let d be s(-12). What is the highest common divisor of d and g?
8
Let m = 134 - 105. Let n(s) = -s**3 + 9*s**2 - 6*s + 2. Let k be n(7). What is the highest common factor of k and m?
29
Let z be (-1304)/(-26) - 16/104. Calculate the greatest common factor of 20 and z.
10
Suppose y = 2*h - 69, 3*y + 1 + 26 = h. Calculate the highest common divisor of 27 and h.
9
Let m(z) = -z**3 - 10*z**2 + 23*z + 6. Let y be m(-12). What is the greatest common divisor of y and 6?
6
Let b be -1*(-2 + 1)*-1. Let w be 40*(-1 + b)/(-2). What is the greatest common divisor of w and 16?
8
Let s be (1 - -1) + 2 + -8. Let i = s + 1. Let c be -5*(-2 - i)*-2. What is the greatest common factor of c and 40?
10
Let c(y) = y**3 + 8*y**2 - 9*y + 4. Let s be c(-9). Calculate the highest common divisor of s and 32.
4
Let x = -7 - -12. Suppose 86 = 3*u - 5*r, 4*u + 4*r = -x + 141. Let o = -16 + 96. What is the greatest common divisor of o and u?
16
Let d = -309 - -516. Calculate the greatest common divisor of d and 23.
23
Let z = -49 + 113. Suppose 2*d - 3*d = -16. Calculate the greatest common divisor of d and z.
16
Suppose -2*b - 3 = -5. Let a be b - -110 - (-1 + 0). Let c be ((-9)/6)/((-6)/a). What is the greatest common factor of c and 14?
14
Suppose -9 = -a + 9. Suppose -l = -0*l - 54. What is the greatest common divisor of a and l?
18
Suppose -65 = -5*f - 5*q, -9 = -4*f - 3*q + 40. Suppose 6*r - 7*r + f = 0. What is the highest common factor of 90 and r?
10
Let d = -10 - -4. Let a be 20/6 - (-2)/d. What is the greatest common divisor of 3 and a?
3
Let h be 1*(-3 - 0 - -4). What is the greatest common divisor of 8 and h?
1
Let u be (-3)/(-2)*(-16)/(-24). Let v be u*(-99)/(-6)*12. Let l = 7 + 15. What is the highest common divisor of l and v?
22
Suppose 0 = -5*c + 144 + 526. Suppose 4*t + x - c = -0*t, 5*x + 155 = 5*t. Calculate the greatest common divisor of t and 3.
3
Suppose 5*g - 170 = -5*o, 5*g = 3*o + o - 154. Suppose -o = -4*s + 156. Let t be 15 - (0 - -1) - -2. Calculate the highest common factor of s and t.
16
Let n(m) = 2*m**2 + 17*m - 17. Let x be n(-10). What is the greatest common divisor of x and 13?
13
Let t(g) = 3*g + 9. Let o be t(12). Suppose 0 = -3*m + c - 3*c + 33, -4*m - 3*c + 45 = 0. Calculate the highest common factor of m and o.
9
Let s be (-6)/(-39) - 212/26. Let i = s - -16. Let v = 115 + -75. Calculate the greatest common factor of v and i.
8
Let f(h) = 7*h**2 - h. Let l be f(-1). Let t = l + -5. Let n be 194/6 - (-2)/t. Calculate the greatest common factor of 11 and n.
11
Let n(k) = 5*k - 9. Let x = 3 - -4. Let g be n(x). Let b be (-1)/(-1*2/78). Calculate the greatest common divisor of g and b.
13
Suppose 0*f = -2*f + 2*m + 68, -f + 3*m + 36 = 0. What is the highest common factor of 22 and f?
11
Let t = 28 + -13. Suppose 5*m - 16 = -1. Calculate the highest common factor of t and m.
3
Let u be 26/(1 - (-2)/(-4)). Suppose 5*m = -4*i + 47, 0*m - 54 = -4*i + 2*m. Calculate the greatest common factor of u and i.
13
Let n be (-33496)/(-120) + 6/(-45). Calculate the greatest common divisor of 31 and n.
31
Let r be 1/(-1)*(-13 + -8). Suppose 0 = -4*u + 2*u + 5*d + r, 6 = u + 2*d. Calculate the greatest common factor of 24 and u.
8
Suppose 3*d = -9 + 87. Calculate the highest common divisor of 104 and d.
26
Let p(y) = 13*y**3 + y**2 - y - 1. Let v be p(1). Suppose -3*x = -78 - 12. What is the highest common divisor of v and x?
6
Suppose 33*x - 36*x = -123. What is the highest common divisor of x and 41?
41
Suppose -6*a = -5*a - 5. Let d(m) = m**3 - 9*m**2 - 8*m - 5. Let o = 2 - -8. Let t be d(o). What is the greatest common factor of t and a?
5
Suppose 2*r = 24 + 8. Calculate the greatest common factor of 144 and r.
16
Let z = 108 - 69. Calculate the greatest common factor of 13 and z.
13
Let k be 544/20 + 42/15 + -3. Calculate the highest common factor of 216 and k.
27
Suppose 13*c = 8*c + 90. What is the greatest common factor of c and 18?
18
Let j = 135 + -84. Let y = -43 + 60. What is the highest common factor of y and j?
17
Let q be (-8)/(-2)*18/24. Suppose 3*l - 123 = -4*s - q, s - 39 = -3*l. Calculate the highest common factor of 189 and s.
27
Let u(l) = 2*l - 5. Let k be u(4). Suppose k*q - 117 = 9. Calculate the greatest common factor of 6 and q.
6
Suppose 5*t - 2 = 3*k - 4, -4*k = -2*t - 26. Calculate the greatest common factor of 1 and k.
1
Let h be (-42*1)/(3/(-2)). Calculate the highest common divisor of h and 252.
28
Suppose 0 = 14*s - 3*s - 66. What is the highest common divisor of 15 and s?
3
Suppose -4*o = -o - 60. What is the greatest common divisor of o and 100?
20
Suppose 10 - 4 = 3*k. Let h = -5 + k. Let p be 37 + 3 + h + 1. What is the greatest common factor of 57 and p?
19
Let o be (-1 + -6)*3168/(-84). Calculate the highest common factor of 24 and o.
24
Suppose 192 = 2*i - 0*i. Let c(a) = a**3 - a**2 + a + 24. Let t be c(0). What is the highest common factor of i and t?
24
Let k be 30/4*(-8)/(-6). Calculate the greatest common divisor of 70 and k.
10
Let c(j) = -j**3 - j**2 - j + 10. Let h be c(0). Let r be 8/2*(0 + 1). Let a be 516/10 + r/h. Calculate the highest common divisor of 13 and a.
13
Let l be ((-15)/(-10))/((-2)/(-112)). What is the highest common divisor of 12 and l?
12
Let z(b) = 3*b**2 + 14*b + 2. Let u be z(-6). What is the highest common factor of u and 286?
26
Suppose -3*i + 8 = -5*b, 7*b = 2*b - 5. Calculate the highest common factor of 1 and i.
1
Let p = -27 - -29. What is the highest common factor of p and 5?
1
Let u be (-14 + -1)*6/(-2). Let p = 96 - u. Let i = -27 + 44. What is the highest common factor of i and p?
17
Let h(j) = 12*j**2 + j + 12*j**2 + 0*j + 10*j**2. Let s be h(1). Calculate the greatest common factor of s and 14.
7
Let m = -32 - -23. Let z = -9 - m. Suppose z*g + g - 3 = 0. Calculate the highest common divisor of g and 2.
1
Let q(j) = 3*j - 10. Let k(s) = -s - 1. Let f(m) = -2*k(m) - q(m). Let t be f(8). Calculate the greatest common factor of 2 and t.
2
Let z = -2 + 6. Calculate the greatest common divisor of z and 40.
4
Let j be (-2)/5 - (-57)/5. Let c(h) = 21 + 5*h - 2*h + 14*h - 7. Let z be c(5). What is the highest common divisor of j and z?
11
Let t(f) = 1 - 3*f + 6*f - f + 10*f. Let h be t(2). What is the greatest common factor of 100 and h?
25
Let j = 49 - 14. What is the greatest common factor of j and 7?
7
Let w(x) = -x**2 - 7*x + 5. Let t be w(-7). Let a be (99/15)/(1/t). Calculate the greatest common divisor of a and 11.
11
Let g = 0 - -1. Let v be -2*(1*-5 - g). Let w(c) = c**2 - 4*c - 2. Let n be w(-4). Calculate the greatest common factor of n and v.
6
Let r be 62 - 0 - (-18)/6. Let j be r/10 + 1/(-2). Let o be (30/(-4))/(j/(-8)). Calculate the greatest common divisor of o and 80.
10
Let j = 140 + -134. Let i = 7 - -5. Calculate the highest common factor of j and i.
6
Let a be (-4 - (-4 - 4)) + 121. Calculate the greatest common factor of 25 and a.
25
Suppose -5 + 13 = 4*c. Suppose c*y = -3 + 7. Suppose -2*h = 4*x - 478, -y*x = -6*x + h + 487. What is the highest common divisor of 11 and x?
11
Let f = -1 + 3. Suppose 2*o + 3*j - 7*j - 22 = 0, -3*o - 7 = f*j. What is the greatest common factor of 1 and o?
1
Let j(x) = 2*x + 10. Let z be j(17). Calculate the highest common factor of 4 and z.
4
Let f = 19 - 17. Let 